{"id":178,"date":"2022-07-28T13:13:25","date_gmt":"2022-07-28T11:13:25","guid":{"rendered":"https:\/\/ecolesaintetherese-sodt.fr\/?page_id=178"},"modified":"2024-01-30T14:11:16","modified_gmt":"2024-01-30T13:11:16","slug":"informations-pratiques-et-horaires","status":"publish","type":"page","link":"https:\/\/ecolesaintetherese-sodt.fr\/index.php\/informations-pratiques-et-horaires\/","title":{"rendered":"Informations pratiques et horaires"},"content":{"rendered":"\n<h5 class=\"wp-block-heading\">Horaires de l&rsquo;\u00e9cole<\/h5>\n\n\n\n<p>Les classes ont lieu les lundi, mardi, jeudi et vendredi aux horaires suivants :<\/p>\n\n\n\n<p class=\"has-text-align-center\"> 8h45 \/ 12h &#8211; 13h30 \/ 16h30 <em>(ouverture des portes 10 min avant)<\/em><\/p>\n\n\n\n<h5 class=\"wp-block-heading\">Accueil p\u00e9riscolaire et restauration<\/h5>\n\n\n\n<p>L&rsquo;accueil p\u00e9riscolaire a lieu sur le site de l&rsquo;Espace Loisirs,10 rue du ch\u00e2teau.<\/p>\n\n\n\n<ul class=\"wp-block-list\">\n<li>Le matin \u00e0 partir de 7h<\/li>\n\n\n\n<li>Le soir jusqu&rsquo;\u00e0 19h<\/li>\n<\/ul>\n\n\n\n<p>Vous devez <strong>imp\u00e9rativement inscrire votre enfant \u00e0 la mairie<\/strong> (service communal) pour l&rsquo;accueil p\u00e9riscolaire <strong>et<\/strong> le service de restauration via le site internet:<\/p>\n\n\n\n<p class=\"has-text-align-center has-black-color has-text-color\"><strong><a href=\"https:\/\/saintouendestoits.portail-familles.app\/\">https:\/\/<\/a><a href=\"https:\/\/saintouendestoits.portail-familles.app\/\" target=\"_blank\" rel=\"noreferrer noopener\">saintouendestoits.portail-familles.app\/<\/a><\/strong><\/p>\n\n\n\n<h5 class=\"wp-block-heading\">Contribution scolaire<\/h5>\n\n\n\n<p>La contribution sert \u00e0 financer le bon fonctionnement et la qualit\u00e9 de l&rsquo;\u00e9tablissement. Elle est de 15\u20ac par mois pour l&rsquo;ann\u00e9e 2023-2024 (sur 10 mois). <\/p>\n\n\n\n<p><\/p>\n","protected":false},"excerpt":{"rendered":"<p>Horaires de l&rsquo;\u00e9cole Les classes ont lieu les lundi, mardi, jeudi et vendredi aux horaires suivants : 8h45 \/ 12h &#8211; 13h30 \/ 16h30 (ouverture des portes 10 min avant) Accueil p\u00e9riscolaire et restauration L&rsquo;accueil p\u00e9riscolaire a lieu sur le site de l&rsquo;Espace Loisirs,10 rue du ch\u00e2teau. Vous devez imp\u00e9rativement inscrire votre enfant \u00e0 la mairie (service communal) pour l&rsquo;accueil [&hellip;]<\/p>\n","protected":false},"author":1,"featured_media":0,"parent":0,"menu_order":0,"comment_status":"closed","ping_status":"closed","template":"","meta":{"footnotes":""},"class_list":["post-178","page","type-page","status-publish","hentry"],"_links":{"self":[{"href":"https:\/\/ecolesaintetherese-sodt.fr\/index.php\/wp-json\/wp\/v2\/pages\/178","targetHints":{"allow":["GET"]}}],"collection":[{"href":"https:\/\/ecolesaintetherese-sodt.fr\/index.php\/wp-json\/wp\/v2\/pages"}],"about":[{"href":"https:\/\/ecolesaintetherese-sodt.fr\/index.php\/wp-json\/wp\/v2\/types\/page"}],"author":[{"embeddable":true,"href":"https:\/\/ecolesaintetherese-sodt.fr\/index.php\/wp-json\/wp\/v2\/users\/1"}],"replies":[{"embeddable":true,"href":"https:\/\/ecolesaintetherese-sodt.fr\/index.php\/wp-json\/wp\/v2\/comments?post=178"}],"version-history":[{"count":10,"href":"https:\/\/ecolesaintetherese-sodt.fr\/index.php\/wp-json\/wp\/v2\/pages\/178\/revisions"}],"predecessor-version":[{"id":2053,"href":"https:\/\/ecolesaintetherese-sodt.fr\/index.php\/wp-json\/wp\/v2\/pages\/178\/revisions\/2053"}],"wp:attachment":[{"href":"https:\/\/ecolesaintetherese-sodt.fr\/index.php\/wp-json\/wp\/v2\/media?parent=178"}],"curies":[{"name":"wp","href":"https:\/\/api.w.org\/{rel}","templated":true}]}}